6*q = -2*b - 11*q + 6. Let r = p - b. What is the units digit of r?
1
Let h = -13 + 14. Suppose 5*z + 26 - h = 0, -95 = -x + z. What is the tens digit of x?
9
Let r(f) = 2*f**3 + 2*f**2 - 3*f + 1. Let w be r(1). Suppose 0*s - 4*s = -b + 9, 5*s = -w*b + 70. What is the units digit of b?
5
Let o(s) = 3*s**2 + 19*s + 20. What is the units digit of o(-12)?
4
Suppose 3*m - 462 - 202 = -4*n, m - 230 = 3*n. What is the units digit of m?
4
Let y(u) = -2*u - 10. Let v be y(-8). Suppose -5*s - 12 = 5*k + 8, -5 = -5*s. Let r = k + v. What is the units digit of r?
1
Let g(t) = -107*t + 2172. What is the hundreds digit of g(0)?
1
Suppose m + 2 = 16. Let t = -22 + m. What is the units digit of 30 + 4/t*2?
9
Let k(q) = -26*q**3 - 3*q**2 - 3*q + 6. What is the units digit of k(-4)?
4
Let t = -16 + 17. Let d(g) = 12*g - 1. Let r be d(t). Suppose -r + 5 = -y. What is the units digit of y?
6
Suppose -2*f = 12*f. Suppose 2*a + 3*b - 804 + 288 = 0, 4*a + 5*b - 1034 = f. What is the hundreds digit of a?
2
Suppose 0*v + 4*v = 4*m - 144, 5*m - 2*v - 168 = 0. Suppose 0*u = -2*u - m. What is the tens digit of (118/(-4))/(8/u)?
5
Suppose -h - 164 = 5*a - 5*h, 3*h = -5*a - 192. Let j = a + 39. What is the units digit of j?
3
Let v(h) be the second derivative of 11*h**3/6 - 3*h**2/2 + 28*h. Suppose -4*n + 5*w + 16 = -2, 5*n = 5*w + 20. What is the tens digit of v(n)?
1
Let j(s) = s**2 - 7*s - 8. Let l(a) = -2*a + 14. Let i be l(0). Let d = i - 2. What is the tens digit of j(d)?
5
Let p be (-3)/6 - 1/(-2). Suppose p*x - 170 = -5*x. What is the units digit of x/119 - 439/(-7)?
3
Let t be 1*(-80)/(-24)*(-3)/(-2). Suppose -26 = -t*g + 29. What is the units digit of g?
1
Suppose -2*v + 5740 = 4*x, -2*x = -v + 3*x + 2856. What is the hundreds digit of v?
8
Let l be (-5*5/(-100))/(2/16). Suppose -l*n + 113 = -41. What is the units digit of n?
7
Suppose -108*f + 291739 = -263705. What is the tens digit of f?
4
Let w = -38 + -19. Let p = -19 - w. What is the tens digit of p?
3
Let a(o) = 2*o**3 - 11*o**2 + 4*o + 6. Suppose 3*l + 0*p - 13 = -2*p, 2*p + 2 = 0. What is the units digit of a(l)?
1
What is the thousands digit of (-27)/(-9) - (-1)/(2/3306)?
1
Suppose -7*l + 9650 = 3*l. What is the hundreds digit of l?
9
Let h(i) = 18*i**2 + i. Let p be h(-1). Let s be 1 + (-4 - p) - 4. What is the units digit of (-14)/(-8) - 6/s?
2
Let d = -625 - -631. What is the units digit of d?
6
Let n be (4/(-6))/((-2)/18). Let v be (2/n)/((-13)/117). What is the units digit of v/9*0 + 3?
3
Suppose -w = w. Let h be (w - 0) + (-32)/(-16). Suppose 13 = 5*r - s, -5*r - 2 + 18 = -h*s. What is the units digit of r?
2
Let q(c) = c**2 + 16*c - 220. Let n be q(9). Let h(t) be the second derivative of -t**4/12 + t**3 + t**2 + t. What is the units digit of h(n)?
7
Let n = 61 + -2. What is the tens digit of n?
5
What is the hundreds digit of (10*4 - 0)/(50/1775)?
4
Let s = 121 - -1142. What is the hundreds digit of s?
2
Suppose -3*q - 513 = -1869. Suppose -q = -4*o + 256. What is the tens digit of o?
7
Suppose -2*v = -13 + 9. Suppose v*w + 91 + 45 = 4*t, -2*w = 3*t - 102. What is the units digit of t?
4
Suppose 4*l - 12 = 6*l. Let s(k) = -36*k + 2. What is the tens digit of s(l)?
1
Let t(j) = j**2 - 5*j. Let s be t(5). Let w = 69 + s. What is the units digit of w?
9
Suppose 4*w - 278 = -3*s, s - 69 = 7*w - 8*w. What is the units digit of w?
1
Let i(z) = z**3 + 30*z**2 + 42*z - 5. What is the hundreds digit of i(-16)?
9
What is the units digit of 26276/14 + (12 - 1)/77?
7
Let x = 189 + 156. Let c = x + -134. What is the hundreds digit of c?
2
What is the tens digit of 9/24 - (-133635)/120?
1
Let j(f) = f. Let l(a) = 8*a + 12. Let z(r) = 6*j(r) - l(r). Suppose 5*q = -3*q - 64. What is the units digit of z(q)?
4
What is the tens digit of (4 + -725)*(-360)/126?
6
Let z be 0 - ((-3315)/9 + 8/(-12)). Suppose 3*j - z = 3*n, -239 = -2*j - 4*n - n. What is the tens digit of j?
2
Suppose 686 + 254 = 10*s. Suppose a = -a + s. What is the units digit of a?
7
Suppose 163 + 211 = 11*w. Suppose -2*i + w = l, -2*i + 3*l + 58 = -2*l. What is the units digit of i?
9
What is the units digit of 753 - ((-4 - -28)/(-6) - 3)?
0
Let z(q) = 897*q**2 - 20*q + 1. What is the thousands digit of z(2)?
3
Suppose -3*t + 0*t - u = -41, 5*u - 23 = -2*t. Let r = 28 - t. What is the units digit of r?
4
Suppose 321 = 7*c - 71. What is the tens digit of c?
5
Suppose 4*n - 302 = l, n = -2*n + 3*l + 231. What is the tens digit of n?
7
Let q(m) = -3*m**3 + 6*m**2 + 13*m - 16. What is the units digit of q(-5)?
4
Let q(i) be the third derivative of i**6/120 + 3*i**5/20 - 7*i**4/12 - 2*i**2 + 202*i. Let v = 3 - 13. What is the tens digit of q(v)?
4
Let w be (-2)/(-4)*(6 + -6). Suppose -2*x + w + 6 = 0. Suppose -x*h - 39 = -2*f, -67 = f - 4*f - 4*h. What is the units digit of f?
1
Let y = -4960 - -8263. What is the units digit of y?
3
Let q(k) = 3*k**2 + 126 + 28 - 16 + 42. What is the hundreds digit of q(0)?
1
Let h = 1619 - 1155. What is the units digit of h?
4
Let v(q) = 3*q**3 - 32*q**2 + 3*q + 18. What is the units digit of v(11)?
2
Let v = 32 - 32. Suppose -5*u + 7*u - 48 = v. What is the tens digit of u?
2
Let h = 8 - 14. Let r = -4 - h. Suppose -f + r + 13 = 0. What is the units digit of f?
5
Let u(g) = g**3 + g**2 - g + 23. Let y = 2 - 2. Let f be u(y). Suppose c + 5 = -5*m, -18 = -5*c - 3*m + f. What is the units digit of c?
0
Let w(c) = 37*c. Let q be w(6). Let b = 322 - q. What is the tens digit of b?
0
Let x = 173 + -89. Let m be -42*1 - (0 - -1). Let s = m + x. What is the tens digit of s?
4
Let s = 1 - -3. Suppose -f = s*f. Let n = 11 - f. What is the tens digit of n?
1
Let p = 4545 + -2901. What is the tens digit of p?
4
Let u(r) = -15*r - 154. What is the tens digit of u(-15)?
7
Let y(x) = x**2 - 2. Let q be y(2). Suppose 0 = 5*h - q*h - 39. What is the units digit of h?
3
Suppose 0 = -0*d - 6*d + 78. What is the tens digit of d/(416/1896) - (-6)/8?
6
Suppose -2*g = -4*f + 58, 5*f + 5*g - 10 = 25. Suppose f*j + 445 = 17*j. What is the tens digit of j?
8
Let a = -13 - -15. Suppose 0*v + 12 = -a*v. What is the tens digit of (87/v)/(2/(-4))?
2
Let j be 2/3*9/(-6). Let p be -5 + 8 - (1 + j). Suppose -3*k = -k + p*g - 56, 0 = -3*g. What is the units digit of k?
8
Suppose 0*n - 2*n = -8. Suppose -3*r + 309 = -2*o - 1, n*o = -5*r + 480. What is the tens digit of r?
0
Suppose -6539 = -8*i + 4405. What is the tens digit of i?
6
Let u = 21 + -16. Suppose 4*a - 16 = 0, 3*f + 4*a - 12 - 25 = 0. Suppose 0 = t - f - u. What is the units digit of t?
2
Suppose -41*y = -66109 + 509. What is the units digit of y?
0
Let u = 131 - -60. What is the hundreds digit of u?
1
Let k = -3345 + 4853. What is the units digit of k?
8
Let i(u) be the first derivative of 4*u**3/3 + 13*u**2/2 - 3*u - 31. What is the hundreds digit of i(-8)?
1
Suppose 4*k - 1912 = -4*k. Suppose 2*u = 10, -3*t + 29 = -u - k. What is the units digit of t?
1
Suppose -15*w - m + 70 = -18*w, -3*w - m = 68. Let r(o) = -o**3 - 2. Let f be r(-3). Let c = f + w. What is the units digit of c?
2
Let l(i) = -2*i - 5. Let m be l(-10). What is the hundreds digit of 8/((-40)/m) + 237?
2
Suppose -33*j - 5161 = -46*j. What is the tens digit of j?
9
Let l be 1/(1/(29 + -4)). Suppose 23 = 6*u - l. Let k(m) = m + 18. What is the tens digit of k(u)?
2
Let x = 140 + -80. Suppose -5*i + d = 5*d - x, 0 = -3*i + d + 19. Suppose -i*c + 24 = -4*c. What is the units digit of c?
6
Suppose w - 1 = -2*k + 5, -3 = -3*w - 3*k. Let y(s) = 11*s + 49. What is the units digit of y(w)?
5
Let s(c) = -c**3 - 7*c**2 - 9*c - 4. Let z be s(-6). Suppose 4*k = z + 2. What is the tens digit of 1*(-10)/(k/(-4))?
1
What is the hundreds digit of (-44)/33*2874*4/(-16)?
9
Suppose 22*v = 24*v - 8. Let c(u) = u**3 - 5*u**2 + 4*u + 3. Let n be c(v). Suppose -3*k + 2*d + 73 + 33 = 0, 0 = n*k + 2*d - 110. What is the units digit of k?
6
What is the tens digit of (660/(-45))/((-8)/12)?
2
Suppose -1636*n + 10076 = -1625*n. What is the units digit of n?
6
Suppose -5*a + 2*t = -3*a - 594, 3*a - 2*t = 893. Suppose -i + 5 = 0, 63 = -2*z - 4*i + a. What is the units digit of z?
8
Let q(u) = -u + 2. Let f be q(2). Let g = f - -3. Suppose 0 = g*d - 3*l - 33, -10 = 5*l + 10. What is the units digit of d?
7
Let w = 6 + -2. Suppose -a = -2*d - 53, 3